{"id":461,"date":"2016-04-11T11:41:55","date_gmt":"2016-04-11T09:41:55","guid":{"rendered":"http:\/\/www.milumammu.lv\/?page_id=461"},"modified":"2018-04-01T19:06:34","modified_gmt":"2018-04-01T17:06:34","slug":"par-mums","status":"publish","type":"page","link":"https:\/\/www.milumammu.lv\/?page_id=461","title":{"rendered":"Par mums"},"content":{"rendered":"<p><strong><u>Par MiluMammu<\/u><\/strong><\/p>\n<p>Par\u0101doties dz\u012bv\u0113 mazam br\u012bnumam un iesp\u0113jai audzin\u0101t mazo m\u016bzu, kas iedvesmo jaun\u0101m liet\u0101m un izaicin\u0101jumiem, rad\u0101s v\u0113lme dal\u012bties ar prieku un pozit\u012bv\u0101m emocij\u0101m, ko sniedz kop\u0101 pavad\u012btais laiks. Pateicoties jaunaj\u0101m saj\u016bt\u0101m, v\u0113l\u0113j\u0101mies ar\u012b citiem dot iesp\u0113ju padar\u012bt interesant\u0101ku un kr\u0101sain\u0101ku kop\u0101 pavad\u012bto laiku ar vi\u0146u mazajiem \u0137ipariem. Nov\u0113rt\u0113jot to laiku, ko savulaik m\u016bsu mammas velt\u012bja mums mazi\u0146iem esot, tika salikti kop\u0101 divi v\u0101rdi: &#8220;m\u012blu mammu&#8221;&#8230;. un bija dzimusi ideja par MiluMammu.<\/p>\n<p>M\u0113s esam priec\u012bgi par iesp\u0113ju dal\u012bties ar sava rado\u0161\u0101 darba produktu, kas var pal\u012bdz\u0113t gan liel\u0101kiem, gan maz\u0101kiem apg\u016bt pla\u0161\u0101s pasaules zin\u0101\u0161anas, aptaustot tambor\u0113tus d\u0101rze\u0146us un aug\u013cus, kurus var pabu\u017ein\u0101t, pa\u0146urc\u012bt un p\u0113c tam ar\u012b izmazg\u0101t! Visi produkti ir 100% roku darbs.<\/p>\n<p><strong><u>MiluMammu pied\u0101v\u0101:<\/u><\/strong><\/p>\n<p>Tambor\u0113tus aug\u013cus un d\u0101rze\u0146us, kas ir lielisks uzskates materi\u0101ls maz\u0101kiem apg\u016bt ne tikai to nosaukumus un kr\u0101sas, bet ar\u012b formas un tekst\u016bras, k\u0101 ar\u012b iesp\u0113ja tren\u0113t un att\u012bst\u012bt mazo pirkstu motoriku, bet savuk\u0101rt liel\u0101kiem b\u0113rniem tie pal\u012bdz viegl\u0101k apg\u016bt un izprast skait\u013cus.<\/p>\n<p>Pied\u0101v\u0101jam ar\u012b da\u017e\u0101das smukumlietas pa\u0161iem maz\u0101kajiem, bet mazliet liel\u0101kiem rota\u013clietas, kas veicina lo\u0123isk\u0101s dom\u0101\u0161anas att\u012bst\u012bbu.<\/p>\n<div>\n<p>\u00a02018.gada s\u0101kum\u0101, mums bija lieliska iesp\u0113ja k\u0101 Granta programmas (ie)dvesma finans\u0113juma ieguv\u0113jiem tikt pie intervijas, kur\u0101 var iepaz\u012bties ar m\u016bsu produktu, uzzin\u0101t m\u016bsu pl\u0101nus un nedaudz iepaz\u012bt m\u016bs!<\/p>\n<p>Interviju ar mums skaties \u0161eit:\u00a0<a href=\"https:\/\/ej.uz\/MiluMammu\" target=\"_blank\" rel=\"noopener nofollow\" data-ft=\"{&quot;tn&quot;:&quot;-U&quot;}\" data-lynx-mode=\"async\">ej.uz\/MiluMammu_ intervija<\/a><\/p>\n<p><strong>Ir tik svar\u012bgi nepalaist gar\u0101m mirkli, kad mazie ir mazi! Atrast ikdienas steig\u0101 laiku, ko var pavad\u012bt kop\u0101!<\/strong><\/p>\n<p><strong>&#8220;M\u012bliet <em>b\u0113rn\u012bbu<\/em>, atbalstiet sp\u0113les un priekus.&#8221; \/\u017dans \u017daks Ruso\/<\/strong><\/p>\n<\/div>\n","protected":false},"excerpt":{"rendered":"<p>Par MiluMammu Par\u0101doties dz\u012bv\u0113 mazam br\u012bnumam un iesp\u0113jai audzin\u0101t mazo m\u016bzu, kas iedvesmo jaun\u0101m liet\u0101m un izaicin\u0101jumiem, rad\u0101s v\u0113lme dal\u012bties ar prieku un pozit\u012bv\u0101m emocij\u0101m, ko sniedz kop\u0101 pavad\u012btais laiks. Pateicoties jaunaj\u0101m saj\u016bt\u0101m, v\u0113l\u0113j\u0101mies ar\u012b citiem dot iesp\u0113ju padar\u012bt interesant\u0101ku un kr\u0101sain\u0101ku kop\u0101 pavad\u012bto laiku ar vi\u0146u mazajiem \u0137ipariem. Nov\u0113rt\u0113jot to laiku, ko savulaik m\u016bsu [&hellip;]<\/p>\n","protected":false},"author":3,"featured_media":0,"parent":0,"menu_order":30,"comment_status":"closed","ping_status":"closed","template":"","meta":{"footnotes":""},"_links":{"self":[{"href":"https:\/\/www.milumammu.lv\/index.php?rest_route=\/wp\/v2\/pages\/461"}],"collection":[{"href":"https:\/\/www.milumammu.lv\/index.php?rest_route=\/wp\/v2\/pages"}],"about":[{"href":"https:\/\/www.milumammu.lv\/index.php?rest_route=\/wp\/v2\/types\/page"}],"author":[{"embeddable":true,"href":"https:\/\/www.milumammu.lv\/index.php?rest_route=\/wp\/v2\/users\/3"}],"replies":[{"embeddable":true,"href":"https:\/\/www.milumammu.lv\/index.php?rest_route=%2Fwp%2Fv2%2Fcomments&post=461"}],"version-history":[{"count":12,"href":"https:\/\/www.milumammu.lv\/index.php?rest_route=\/wp\/v2\/pages\/461\/revisions"}],"predecessor-version":[{"id":1028,"href":"https:\/\/www.milumammu.lv\/index.php?rest_route=\/wp\/v2\/pages\/461\/revisions\/1028"}],"wp:attachment":[{"href":"https:\/\/www.milumammu.lv\/index.php?rest_route=%2Fwp%2Fv2%2Fmedia&parent=461"}],"curies":[{"name":"wp","href":"https:\/\/api.w.org\/{rel}","templated":true}]}}